se 14, what is -82725 - -d?
-82716
In base 13, what is -1 - a5024?
-a5025
In base 13, what is 17b05 - 1?
17b04
In base 5, what is -13234 - 34?
-13323
In base 14, what is -3 + 89523?
89520
In base 11, what is -327676 - -5?
-327671
In base 6, what is -133 - 415?
-552
In base 12, what is -74785 - 5?
-7478a
In base 5, what is 4 - 1404401?
-1404342
In base 9, what is 2 + 15854?
15856
In base 2, what is 10 + -10100111011100001?
-10100111011011111
In base 4, what is 3130 - 213130?
-210000
In base 4, what is -32 - 132232013?
-132232111
In base 4, what is 201120011 - -10?
201120021
In base 8, what is -44432 + 55?
-44355
In base 2, what is 10101111011010010010000 - 0?
10101111011010010010000
In base 5, what is -3144422 + 0?
-3144422
In base 6, what is 5 + -105240?
-105231
In base 16, what is -5 + -1253?
-1258
In base 3, what is -222211 - 1211?
-1001122
In base 14, what is -75 + -380d?
-3884
In base 15, what is 11c7e + -14?
11c6a
In base 10, what is -504 + 16?
-488
In base 15, what is -4 + -49e4?
-49e8
In base 5, what is 122 + -10332?
-10210
In base 3, what is 2100000002002 - 0?
2100000002002
In base 3, what is -1 + -202110222?
-202111000
In base 14, what is 13331 - -5?
13336
In base 2, what is 11100 - 1001101100010?
-1001101000110
In base 8, what is 4 + 2324674?
2324700
In base 16, what is e3c - 4f?
ded
In base 16, what is -6 + a6b9?
a6b3
In base 12, what is 7 + -81ab6?
-81aab
In base 15, what is -38 - 1c3?
-20b
In base 12, what is 3655 - -29?
3682
In base 14, what is -1286 - -78?
-120c
In base 9, what is -16 + -148321?
-148337
In base 8, what is -766 - 15?
-1003
In base 6, what is 253 + 2454?
3151
In base 7, what is 2506401 + 22?
2506423
In base 8, what is 7373 + -27?
7344
In base 14, what is 9564 - -22?
9586
In base 3, what is -122 + 101221210011?
101221202112
In base 4, what is 2120 - 2101?
13
In base 3, what is -10102121120 - 10?
-10102121200
In base 12, what is -2b + 352?
323
In base 15, what is 13 + 19b0?
19c3
In base 5, what is -1200422 - -3?
-1200414
In base 10, what is 3788177 - 4?
3788173
In base 4, what is 100203 - -200202?
301011
In base 8, what is 4051 - 0?
4051
In base 6, what is -122054 + -11?
-122105
In base 14, what is -12036 - 4?
-1203a
In base 9, what is 65726 - 10?
65716
In base 10, what is -3 - 2406?
-2409
In base 11, what is 893457 + -4?
893453
In base 4, what is -201201 - -32?
-201103
In base 11, what is -61 + -5a25?
-5a86
In base 12, what is -228a94 - 2?
-228a96
In base 11, what is -390 + -1216?
-15a6
In base 8, what is -37 - -215633?
215574
In base 4, what is 0 + -1303010330?
-1303010330
In base 6, what is -3134 + 1405?
-1325
In base 12, what is -8064 - -3?
-8061
In base 6, what is 5 + -15545135?
-15545130
In base 6, what is 110430042 - -3?
110430045
In base 2, what is -1101101110 - -10000?
-1101011110
In base 14, what is -104 - -63?
-81
In base 16, what is -f + 1eb2?
1ea3
In base 10, what is -415 - -50?
-365
In base 3, what is 21022 - 22212?
-1120
In base 13, what is 95c1 - -2?
95c3
In base 7, what is -2026205 + 0?
-2026205
In base 15, what is -68 + -16bb?
-1734
In base 7, what is -303344 + -3?
-303350
In base 11, what is -39 + a13a?
a101
In base 16, what is 0 - 6c40?
-6c40
In base 2, what is 111 - 1111001110110?
-1111001101111
In base 16, what is 6ef + 191?
880
In base 7, what is -3642 - 1432?
-5404
In base 12, what is -5 + 486420?
486417
In base 9, what is -3 + -50575?
-50578
In base 13, what is -4267 + 56?
-4211
In base 13, what is -393 - -51a?
157
In base 6, what is -1405053 + -4?
-1405101
In base 7, what is 20 - -26?
46
In base 5, what is -1131223 + -12?
-1131240
In base 13, what is 35 + 229?
261
In base 2, what is -11000011 + 110101011101?
110010011010
In base 4, what is -22003012020 + 3?
-22003012011
In base 4, what is -20 - -11230012?
11223332
In base 16, what is 14f7ab + -5?
14f7a6
In base 9, what is 38 - 1387?
-1348
In base 16, what is 3 - -2034?
2037
In base 7, what is -103214 - -4?
-103210
In base 12, what is -8 + -1370?
-1378
In base 10, what is -4 - -22496?
22492
In base 11, what is 4925 + 152?
4a77
In base 6, what is -150332 - -11?
-150321
In base 7, what is -2 - 115161?
-115163
In base 12, what is 22b5 + -2?
22b3
In base 16, what is -2 - 2dfad?
-2dfaf
In base 5, what is -13 - 131414?
-131432
In base 5, what is -10 - 13023?
-13033
In base 5, what is 2012 + -34430?
-32413
In base 3, what is -111 + -11102121101?
-11102121212
In base 9, what is 24 - 18744?
-18720
In base 10, what is -72484 - -2?
-72482
In base 15, what is 39e + 29?
3c8
In base 16, what is -1 + -59ef?
-59f0
In base 14, what is 189 + -8a?
dd
In base 4, what is 1211202 + -32?
1211110
In base 2, what is 111000110111 + 1110?
111001000101
In base 5, what is -1220 - 1302?
-3022
In base 3, what is 120122 + -1120?
112002
In base 13, what is 5 + -17b08?
-17b03
In base 7, what is 10066 - 20?
10046
In base 5, what is -1 + -100042313?
-100042314
In base 13, what is -13 - 283b?
-2851
In base 16, what is 13 - -4a5?
4b8
In base 7, what is -22612434 + 4?
-22612430
In base 10, what is -154 + -1029?
-1183
In base 14, what is -6206 - 8?
-6210
In base 15, what is 222442 - 4?
22243d
In base 9, what is 2210 + 1568?
3778
In base 7, what is 155365 + -4?
155361
In base 12, what is -103118 + -5?
-103121
In base 14, what is 124 - 5a?
a8
In base 9, what is -4620 - 20?
-4640
In base 8, what is 435747 - -7?
435756
In base 7, what is -200430 + 11?
-200416
In base 4, what is -2 + -3101123131?
-3101123133
In base 7, what is 40640 + -1116?
36521
In base 15, what is 3324a + -10?
3323a
In base 5, what is 440030 - 2?
440023
In base 2, what is -10010101 + -111110100110?
-1000000111011
In base 10, what is -3772 + -26?
-3798
In base 7, what is -424143 - 5?
-424151
In base 9, what is -340486 - 3?
-340500
In base 13, what is -17 - -7581?
7567
In base 12, what is -1000 - 1189?
-2189
In base 4, what is 33210 + -22121?
11023
In base 2, what is 1 + 1010001110011100?
1010001110011101
In base 6, what is 2 + -42541?
-42535
In base 3, what is 111 + 100120?
101001
In base 9, what is 2417 + -1571?
736
In base 13, what is -29 - -cb35?
cb09
In base 3, what is -1110021212 + -12?
-1110022001
In base 2, what is 10 + 1101100001011?
1101100001101
In base 7, what is 4 + -36444?
-36440
In base 14, what is -4db6 + 5?
-4db1
In base 14, what is 5a7c + a6?
5b44
In base 11, what is -4 - a9331?
-a9335
In base 11, what is a098 + -63?
a035
In base 8, what is -573503 + 5?
-573476
In base 14, what is 7 + 21918?
21921
In base 7, what is 361024 + -2?
361022
In base 10, what is -18404 - 3?
-18407
In base 12, what is -101961 - -7?
-101956
In base 7, what is -2056 - -36?
-2020
In base 14, what is -3 + -8134?
-8137
In base 7, what is -6523462 - 4?
-6523466
In base 9, what is 4 - -803?
807
In base 6, what is -14542 - 442?
-15424
In base 14, what is 3 - 6dd4?
-6dd1
In base 12, what is -2368049 + 2?
-2368047
In base 12, what is 1a + -4671?
-4653
In base 14, what is 76d - -a8?
837
In base 3, what is -122110102001 + -1?
-122110102002
In base 3, what is -1001 + -1200211220?
-1200212221
In base 3, what is -2212202 + -2120?
-2222022
In base 14, what is 369 + 1d5?
560
In base 11, what is 12 - 2a3?
-291
In base 15, what is -3917 + -18?
-3930
In base 14, what is 3a + 748?
784
In base 3, what is 22201200100 - -1?
22201200101
In base 11, what is -2433663 - -5?
-2433659
In base 10, what is 1 - 25654?
-25653
In base 14, what is -2 - -292473?
292471
In base 13, what is -a145 - -27?
-a11b
In base 4, what is -202302013 + -2?
-202302021
In base 8, what is 3 - 26611?
-26606
In base 16, what is 1970c + -b?
19701
In base 4, what is 0 - -2121112?
2121112
In base 5, what is -323 + 3213?
2340
In base 14, what is -118 + c5?
-33
In base 14, what is 5 - 1c31a?
-1c315
In base 11, what is 996 + 5?
9a0
In base 15, what is 4 - -50ba4?
50ba8
In base 7, what is 1 - -10532?
10533
In base 12, what is 1 - -600443?
600444
In base 15, what is -1 - 19b5?
-19b6
In base 7, what is -2023354 - 6?
-2023363
In base 6, what is -44353422 + -1?
-44353423
In base 8, what is 4055 + -207?
3646
In base 16, what is 287ec - -4?
287f0
In base 15, what is 1167d + 5?
11683
In base 3, what is 11 - -1122022?
1122110
In base 12, what is 562a + 0?
562a
In base 11, what is -64 + 195?
131
In base 9, what is 4745 - 74?
4661
In base 3, what is -21212010201 + 0?
-21212010201
In base 15,